{"id":41,"date":"2019-08-17T11:24:28","date_gmt":"2019-08-17T09:24:28","guid":{"rendered":"https:\/\/parafiadobieszewo.pl\/?page_id=41"},"modified":"2024-07-06T20:33:19","modified_gmt":"2024-07-06T18:33:19","slug":"msze-swiete","status":"publish","type":"page","link":"https:\/\/parafiadobieszewo.pl\/index.php\/msze-swiete\/","title":{"rendered":"Msze \u015bwi\u0119te"},"content":{"rendered":"\n<h2 class=\"wp-block-heading\" id=\"porzadek-mszy-sw\"><strong>Porz\u0105dek Mszy \u015bw.<\/strong><\/h2>\n\n\n\n<h2 class=\"wp-block-heading\" id=\"niedziela-i-swieta\"><strong>Niedziela i \u015bwi\u0119ta<\/strong><\/h2>\n\n\n<p>9:00, 12:00<\/p>\n<p>filia Warblewo &nbsp;10:30<\/p>\n\n\n<p class=\"has-medium-font-size\"><strong>Dni powszednie<\/strong><\/p>\n\n\n<p>18:00 &#8211; poniedzia\u0142ek &#8211; pi\u0105tek<\/p>\n<p>17:00 &#8211; sobota\u00a0\u00a0<\/p>\n\n\n<h2 class=\"wp-block-heading\" id=\"pierwsze-piatki-miesiaca\"><strong>Pierwsze pi\u0105tki miesi\u0105ca<\/strong><\/h2>\n\n\n\n<p>Msze \u015bw. o godz.: 18:00,  filia Warblewo &#8211; godz. 15:30 <\/p>\n\n\n\n<p>Spowied\u017a \u015bw. od godz. 17:00 do godz.: 18:00,  filia Warblewo &#8211; od godz. 15.00<\/p>\n\n\n\n<h2 class=\"wp-block-heading\" id=\"pierwsze-soboty-miesiaca\"><strong>Pierwsze soboty miesi\u0105ca<\/strong><\/h2>\n\n\n<p>Nabo\u017ce\u0144stwo wynagradzaj\u0105ce (15 minut rozwa\u017ca\u0144 i r\u00f3\u017caniec \u015bw.) rozpoczyna si\u0119 o godz. 17:00, zako\u0144czone Msz\u0105 \u015bw. wynagradzaj\u0105c\u0105 Naj\u015bwi\u0119tszej Maryi Pannie.<\/p>\n\n\n<p class=\"has-medium-font-size\"><strong>Nabo\u017ce\u0144stwa<\/strong> <\/p>\n\n\n\n<div class=\"wp-block-group\"><div class=\"wp-block-group__inner-container is-layout-constrained wp-block-group-is-layout-constrained\">\n<div class=\"wp-block-group is-vertical is-layout-flex wp-container-core-group-is-layout-8cf370e7 wp-block-group-is-layout-flex\">\n<p>Nabo\u017ce\u0144stwo R\u00f3\u017ca\u0144ca \u015bw. w \u015brody 17.30<\/p>\n\n\n\n<p><\/p>\n<\/div>\n\n\n\n<p><\/p>\n<\/div><\/div>\n\n\n\n<p class=\"has-medium-font-size\"><strong>Sakrament pokuty i pojednania<\/strong><\/p>\n\n\n\n<div class=\"wp-block-group is-vertical is-layout-flex wp-container-core-group-is-layout-8cf370e7 wp-block-group-is-layout-flex\">\n<p>Codziennie 15 minut przed Msz\u0105 \u015bw.<\/p>\n\n\n\n<p>W pierwszy pi\u0105tek i sobot\u0119  miesi\u0105ca godzin\u0119 przed Msz\u0105 \u015bwi\u0119t\u0105.<\/p>\n\n\n\n<p><\/p>\n<\/div>\n\n\n\n<h2 class=\"wp-block-heading\" id=\"adoracja-najswietszego-sakramentu\"><strong>Adoracja Naj\u015bwi\u0119tszego Sakramentu<\/strong><\/h2>\n\n\n\n<div class=\"wp-block-group is-vertical is-layout-flex wp-container-core-group-is-layout-8cf370e7 wp-block-group-is-layout-flex\">\n<p>W pierwszy czwartek miesi\u0105ca od 17.00 &#8211; 18.00.<\/p>\n\n\n\n<p>W pierwszy pi\u0105tek miesi\u0105ca w czasie trwania spowiedzi \u015bw.<\/p>\n\n\n\n<p>W pierwsz\u0105 sobot\u0119 miesi\u0105ca od godz.: 17:00 &#8211; 18:00<\/p>\n<\/div>\n\n\n\n<p><\/p>\n\n\n\n<p class=\"has-medium-font-size\"><strong>Grupy parafialne<\/strong><\/p>\n\n\n\n<ul class=\"wp-block-list\">\n<li>Rycerstwo Niepokalanej \u2013 spotkania w ka\u017cd\u0105 \u015brod\u0119<\/li>\n\n\n\n<li>Wolontariat <\/li>\n\n\n\n<li>Apostolat Matki Bo\u017cej Trzykro\u0107 Przedziwnej<\/li>\n\n\n\n<li>Stra\u017c Honorowa Naj\u015bwi\u0119tszego Serca Pana Jezusa<\/li>\n\n\n\n<li>R\u00f3\u017ce \u017bywego R\u00f3\u017ca\u0144ca<\/li>\n<\/ul>\n\n\n\n<p>Wszystkie grupy zapraszaj\u0105 nowych cz\u0142onk\u00f3w<\/p>\n\n\n\n<p class=\"has-vivid-red-color has-text-color\">Bie\u017c\u0105ce zmiany godzin odprawianych Mszy \u015bw.  s\u0105 dost\u0119pne w zak\u0142adce &#8222;Intencje&#8221;.<\/p>\n\n\n\n<p><\/p>\n","protected":false},"excerpt":{"rendered":"<p>Porz\u0105dek Mszy \u015bw. Niedziela i \u015bwi\u0119ta 9:00, 12:00 filia Warblewo &nbsp;10:30 Dni powszednie 18:00 &#8211; poniedzia\u0142ek &#8211; pi\u0105tek 17:00 &#8211; sobota\u00a0\u00a0 Pierwsze pi\u0105tki miesi\u0105ca Msze \u015bw. o godz.: 18:00, filia Warblewo &#8211; godz. 15:30 Spowied\u017a \u015bw. od godz. 17:00 do godz.: 18:00, filia Warblewo &#8211; od godz. 15.00 Pierwsze soboty miesi\u0105ca Nabo\u017ce\u0144stwo wynagradzaj\u0105ce (15 minut &hellip; <\/p>\n<p class=\"link-more\"><a href=\"https:\/\/parafiadobieszewo.pl\/index.php\/msze-swiete\/\" class=\"more-link\">Czytaj dalej<span class=\"screen-reader-text\"> \u201eMsze \u015bwi\u0119te\u201d<\/span><\/a><\/p>\n","protected":false},"author":1,"featured_media":162,"parent":0,"menu_order":0,"comment_status":"closed","ping_status":"closed","template":"","meta":{"footnotes":""},"class_list":["post-41","page","type-page","status-publish","has-post-thumbnail","hentry"],"_links":{"self":[{"href":"https:\/\/parafiadobieszewo.pl\/index.php\/wp-json\/wp\/v2\/pages\/41","targetHints":{"allow":["GET"]}}],"collection":[{"href":"https:\/\/parafiadobieszewo.pl\/index.php\/wp-json\/wp\/v2\/pages"}],"about":[{"href":"https:\/\/parafiadobieszewo.pl\/index.php\/wp-json\/wp\/v2\/types\/page"}],"author":[{"embeddable":true,"href":"https:\/\/parafiadobieszewo.pl\/index.php\/wp-json\/wp\/v2\/users\/1"}],"replies":[{"embeddable":true,"href":"https:\/\/parafiadobieszewo.pl\/index.php\/wp-json\/wp\/v2\/comments?post=41"}],"version-history":[{"count":68,"href":"https:\/\/parafiadobieszewo.pl\/index.php\/wp-json\/wp\/v2\/pages\/41\/revisions"}],"predecessor-version":[{"id":2971,"href":"https:\/\/parafiadobieszewo.pl\/index.php\/wp-json\/wp\/v2\/pages\/41\/revisions\/2971"}],"wp:featuredmedia":[{"embeddable":true,"href":"https:\/\/parafiadobieszewo.pl\/index.php\/wp-json\/wp\/v2\/media\/162"}],"wp:attachment":[{"href":"https:\/\/parafiadobieszewo.pl\/index.php\/wp-json\/wp\/v2\/media?parent=41"}],"curies":[{"name":"wp","href":"https:\/\/api.w.org\/{rel}","templated":true}]}}

Msze święte

<h2 class="wp-block-heading" id="porzadek-mszy-sw"><strong>Porządek Mszy św.</strong></h2>



<h2 class="wp-block-heading" id="niedziela-i-swieta"><strong>Niedziela i święta</strong></h2>


<p>9:00, 12:00</p>
<p>filia Warblewo &nbsp;10:30</p>


<p class="has-medium-font-size"><strong>Dni powszednie</strong></p>


<p>18:00 &#8211; poniedziałek &#8211; piątek</p>
<p>17:00 &#8211; sobota  </p>


<h2 class="wp-block-heading" id="pierwsze-piatki-miesiaca"><strong>Pierwsze piątki miesiąca</strong></h2>



<p>Msze św. o godz.: 18:00,  filia Warblewo &#8211; godz. 15:30 </p>



<p>Spowiedź św. od godz. 17:00 do godz.: 18:00,  filia Warblewo &#8211; od godz. 15.00</p>



<h2 class="wp-block-heading" id="pierwsze-soboty-miesiaca"><strong>Pierwsze soboty miesiąca</strong></h2>


<p>Nabożeństwo wynagradzające (15 minut rozważań i różaniec św.) rozpoczyna się o godz. 17:00, zakończone Mszą św. wynagradzającą Najświętszej Maryi Pannie.</p>


<p class="has-medium-font-size"><strong>Nabożeństwa</strong> </p>



<div class="wp-block-group"><div class="wp-block-group__inner-container is-layout-constrained wp-block-group-is-layout-constrained">
<div class="wp-block-group is-vertical is-layout-flex wp-container-core-group-is-layout-8cf370e7 wp-block-group-is-layout-flex">
<p>Nabożeństwo Różańca św. w środy 17.30</p>



<p></p>
</div>



<p></p>
</div></div>



<p class="has-medium-font-size"><strong>Sakrament pokuty i pojednania</strong></p>



<div class="wp-block-group is-vertical is-layout-flex wp-container-core-group-is-layout-8cf370e7 wp-block-group-is-layout-flex">
<p>Codziennie 15 minut przed Mszą św.</p>



<p>W pierwszy piątek i sobotę  miesiąca godzinę przed Mszą świętą.</p>



<p></p>
</div>



<h2 class="wp-block-heading" id="adoracja-najswietszego-sakramentu"><strong>Adoracja Najświętszego Sakramentu</strong></h2>



<div class="wp-block-group is-vertical is-layout-flex wp-container-core-group-is-layout-8cf370e7 wp-block-group-is-layout-flex">
<p>W pierwszy czwartek miesiąca od 17.00 &#8211; 18.00.</p>



<p>W pierwszy piątek miesiąca w czasie trwania spowiedzi św.</p>



<p>W pierwszą sobotę miesiąca od godz.: 17:00 &#8211; 18:00</p>
</div>



<p></p>



<p class="has-medium-font-size"><strong>Grupy parafialne</strong></p>



<ul class="wp-block-list">
<li>Rycerstwo Niepokalanej – spotkania w każdą środę</li>



<li>Wolontariat </li>



<li>Apostolat Matki Bożej Trzykroć Przedziwnej</li>



<li>Straż Honorowa Najświętszego Serca Pana Jezusa</li>



<li>Róże Żywego Różańca</li>
</ul>



<p>Wszystkie grupy zapraszają nowych członków</p>



<p class="has-vivid-red-color has-text-color">Bieżące zmiany godzin odprawianych Mszy św.  są dostępne w zakładce &#8222;Intencje&#8221;.</p>



<p></p>

<p>Porządek Mszy św. Niedziela i święta 9:00, 12:00 filia Warblewo &nbsp;10:30 Dni powszednie 18:00 &#8211; poniedziałek &#8211; piątek 17:00 &#8211; sobota   Pierwsze piątki miesiąca Msze św. o godz.: 18:00, filia Warblewo &#8211; godz. 15:30 Spowiedź św. od godz. 17:00 do godz.: 18:00, filia Warblewo &#8211; od godz. 15.00 Pierwsze soboty miesiąca Nabożeństwo wynagradzające (15 minut &hellip; </p>
<p class="link-more"><a href="https://parafiadobieszewo.pl/index.php/msze-swiete/" class="more-link">Czytaj dalej<span class="screen-reader-text"> „Msze święte”</span></a></p>
