{"id":55,"date":"2019-09-01T09:14:32","date_gmt":"2019-09-01T07:14:32","guid":{"rendered":"https:\/\/parafiadobieszewo.pl\/?page_id=55"},"modified":"2019-09-01T11:03:35","modified_gmt":"2019-09-01T09:03:35","slug":"galeria","status":"publish","type":"page","link":"https:\/\/parafiadobieszewo.pl\/index.php\/galeria\/","title":{"rendered":"Galeria"},"content":{"rendered":"\n<figure class=\"wp-block-image\"><a href=\"https:\/\/parafiadobieszewo.pl\/index.php\/kosciol-dobieszewo\/\"><img loading=\"lazy\" decoding=\"async\" width=\"1024\" height=\"684\" src=\"https:\/\/parafiadobieszewo.pl\/wp-content\/uploads\/2019\/09\/0056-1024x684.jpg\" alt=\"\" class=\"wp-image-151\" srcset=\"https:\/\/parafiadobieszewo.pl\/wp-content\/uploads\/2019\/09\/0056-1024x684.jpg 1024w, https:\/\/parafiadobieszewo.pl\/wp-content\/uploads\/2019\/09\/0056-300x200.jpg 300w, https:\/\/parafiadobieszewo.pl\/wp-content\/uploads\/2019\/09\/0056-768x513.jpg 768w\" sizes=\"auto, (max-width: 767px) 89vw, (max-width: 1000px) 54vw, (max-width: 1071px) 543px, 580px\" \/><\/a><figcaption>Ko\u015bci\u00f3\u0142 Dobieszewo<\/figcaption><\/figure>\n\n\n\n<figure class=\"wp-block-image\"><a href=\"https:\/\/parafiadobieszewo.pl\/index.php\/wydarzenia\/\"><img loading=\"lazy\" decoding=\"async\" width=\"1024\" height=\"687\" src=\"https:\/\/parafiadobieszewo.pl\/wp-content\/uploads\/2019\/08\/fot-3-1024x687.jpeg\" alt=\"\" class=\"wp-image-62\" srcset=\"https:\/\/parafiadobieszewo.pl\/wp-content\/uploads\/2019\/08\/fot-3-1024x687.jpeg 1024w, https:\/\/parafiadobieszewo.pl\/wp-content\/uploads\/2019\/08\/fot-3-300x201.jpeg 300w, https:\/\/parafiadobieszewo.pl\/wp-content\/uploads\/2019\/08\/fot-3-768x515.jpeg 768w\" sizes=\"auto, (max-width: 767px) 89vw, (max-width: 1000px) 54vw, (max-width: 1071px) 543px, 580px\" \/><\/a><figcaption>Wydarzenia<\/figcaption><\/figure>\n\n\n\n<figure class=\"wp-block-image\"><a href=\"https:\/\/parafiadobieszewo.pl\/index.php\/warblewo\/\"><img loading=\"lazy\" decoding=\"async\" width=\"1024\" height=\"684\" src=\"https:\/\/parafiadobieszewo.pl\/wp-content\/uploads\/2019\/09\/0044-1024x684.jpg\" alt=\"\" class=\"wp-image-101\" srcset=\"https:\/\/parafiadobieszewo.pl\/wp-content\/uploads\/2019\/09\/0044-1024x684.jpg 1024w, https:\/\/parafiadobieszewo.pl\/wp-content\/uploads\/2019\/09\/0044-300x200.jpg 300w, https:\/\/parafiadobieszewo.pl\/wp-content\/uploads\/2019\/09\/0044-768x513.jpg 768w\" sizes=\"auto, (max-width: 767px) 89vw, (max-width: 1000px) 54vw, (max-width: 1071px) 543px, 580px\" \/><\/a><figcaption>Ko\u015bci\u00f3\u0142 Warblewo<\/figcaption><\/figure>\n","protected":false},"excerpt":{"rendered":"","protected":false},"author":1,"featured_media":0,"parent":0,"menu_order":0,"comment_status":"closed","ping_status":"closed","template":"","meta":{"footnotes":""},"class_list":["post-55","page","type-page","status-publish","hentry"],"_links":{"self":[{"href":"https:\/\/parafiadobieszewo.pl\/index.php\/wp-json\/wp\/v2\/pages\/55","targetHints":{"allow":["GET"]}}],"collection":[{"href":"https:\/\/parafiadobieszewo.pl\/index.php\/wp-json\/wp\/v2\/pages"}],"about":[{"href":"https:\/\/parafiadobieszewo.pl\/index.php\/wp-json\/wp\/v2\/types\/page"}],"author":[{"embeddable":true,"href":"https:\/\/parafiadobieszewo.pl\/index.php\/wp-json\/wp\/v2\/users\/1"}],"replies":[{"embeddable":true,"href":"https:\/\/parafiadobieszewo.pl\/index.php\/wp-json\/wp\/v2\/comments?post=55"}],"version-history":[{"count":14,"href":"https:\/\/parafiadobieszewo.pl\/index.php\/wp-json\/wp\/v2\/pages\/55\/revisions"}],"predecessor-version":[{"id":174,"href":"https:\/\/parafiadobieszewo.pl\/index.php\/wp-json\/wp\/v2\/pages\/55\/revisions\/174"}],"wp:attachment":[{"href":"https:\/\/parafiadobieszewo.pl\/index.php\/wp-json\/wp\/v2\/media?parent=55"}],"curies":[{"name":"wp","href":"https:\/\/api.w.org\/{rel}","templated":true}]}}

<figure class="wp-block-image"><a href="https://parafiadobieszewo.pl/index.php/kosciol-dobieszewo/"><img loading="lazy" decoding="async" width="1024" height="684" src="https://parafiadobieszewo.pl/wp-content/uploads/2019/09/0056-1024x684.jpg" alt="" class="wp-image-151" srcset="https://parafiadobieszewo.pl/wp-content/uploads/2019/09/0056-1024x684.jpg 1024w, https://parafiadobieszewo.pl/wp-content/uploads/2019/09/0056-300x200.jpg 300w, https://parafiadobieszewo.pl/wp-content/uploads/2019/09/0056-768x513.jpg 768w" sizes="auto, (max-width: 767px) 89vw, (max-width: 1000px) 54vw, (max-width: 1071px) 543px, 580px" /></a><figcaption>Kościół Dobieszewo</figcaption></figure>



<figure class="wp-block-image"><a href="https://parafiadobieszewo.pl/index.php/wydarzenia/"><img loading="lazy" decoding="async" width="1024" height="687" src="https://parafiadobieszewo.pl/wp-content/uploads/2019/08/fot-3-1024x687.jpeg" alt="" class="wp-image-62" srcset="https://parafiadobieszewo.pl/wp-content/uploads/2019/08/fot-3-1024x687.jpeg 1024w, https://parafiadobieszewo.pl/wp-content/uploads/2019/08/fot-3-300x201.jpeg 300w, https://parafiadobieszewo.pl/wp-content/uploads/2019/08/fot-3-768x515.jpeg 768w" sizes="auto, (max-width: 767px) 89vw, (max-width: 1000px) 54vw, (max-width: 1071px) 543px, 580px" /></a><figcaption>Wydarzenia</figcaption></figure>



<figure class="wp-block-image"><a href="https://parafiadobieszewo.pl/index.php/warblewo/"><img loading="lazy" decoding="async" width="1024" height="684" src="https://parafiadobieszewo.pl/wp-content/uploads/2019/09/0044-1024x684.jpg" alt="" class="wp-image-101" srcset="https://parafiadobieszewo.pl/wp-content/uploads/2019/09/0044-1024x684.jpg 1024w, https://parafiadobieszewo.pl/wp-content/uploads/2019/09/0044-300x200.jpg 300w, https://parafiadobieszewo.pl/wp-content/uploads/2019/09/0044-768x513.jpg 768w" sizes="auto, (max-width: 767px) 89vw, (max-width: 1000px) 54vw, (max-width: 1071px) 543px, 580px" /></a><figcaption>Kościół Warblewo</figcaption></figure>
